What are the prime factors of 82473770?
2, 5, 8247377
List the prime factors of 198611774.
2, 2999, 33113
What are the prime factors of 2401366097?
13, 184720469
What are the prime factors of 333824910?
2, 3, 5, 43, 258779
What are the prime factors of 23223496?
2, 17, 170761
List the prime factors of 43824446.
2, 2801, 7823
List the prime factors of 70196152.
2, 13, 31, 21773
List the prime factors of 90759031.
11, 157, 52553
List the prime factors of 279121486.
2, 7, 73, 273113
What are the prime factors of 73490494?
2, 7, 11, 9739
List the prime factors of 266461273.
13, 20497021
What are the prime factors of 438883140?
2, 3, 5, 7314719
List the prime factors of 1147839102.
2, 3, 63768839
What are the prime factors of 9033382978?
2, 4516691489
What are the prime factors of 28373869?
683, 41543
List the prime factors of 62348485.
5, 12469697
List the prime factors of 1254769988.
2, 313692497
What are the prime factors of 206062154?
2, 103031077
What are the prime factors of 2876152194?
2, 3, 359, 445087
List the prime factors of 1392939973.
1973, 706001
List the prime factors of 22940863.
11, 277, 7529
What are the prime factors of 498564655?
5, 19, 79, 66431
What are the prime factors of 46442241?
3, 239, 2399
What are the prime factors of 854400780?
2, 3, 5, 23, 47, 4391
What are the prime factors of 216665037?
3, 19, 23, 6121
List the prime factors of 1023770241.
3, 13, 127, 68899
List the prime factors of 1828337183.
23, 79492921
What are the prime factors of 467818826?
2, 233909413
List the prime factors of 965641842.
2, 3, 11, 4876979
What are the prime factors of 451592256?
2, 3, 2352043
List the prime factors of 3705836295.
3, 5, 7, 599, 58921
List the prime factors of 262370789.
10771, 24359
List the prime factors of 1379007480.
2, 3, 5, 61, 188389
What are the prime factors of 383966140?
2, 5, 23, 834709
List the prime factors of 164112349.
164112349
What are the prime factors of 5244314377?
17, 308489081
List the prime factors of 4482007708.
2, 1120501927
List the prime factors of 165887298.
2, 3, 3071987
What are the prime factors of 10919673?
3, 257, 4721
What are the prime factors of 3492064701?
3, 19, 43, 474917
What are the prime factors of 102234899?
13, 2267, 3469
What are the prime factors of 2293210102?
2, 1146605051
What are the prime factors of 4219536763?
13, 97, 373, 8971
What are the prime factors of 17228903?
4051, 4253
List the prime factors of 191823811.
3089, 62099
List the prime factors of 1581197495.
5, 53, 2287, 2609
List the prime factors of 313519752.
2, 3, 7, 13, 109, 439
What are the prime factors of 484939894?
2, 10799, 22453
What are the prime factors of 53613851?
23, 37, 251
What are the prime factors of 13997127?
3, 1117, 4177
List the prime factors of 28905414.
2, 3, 83, 58043
List the prime factors of 370680158.
2, 19, 83, 211, 557
List the prime factors of 13292307.
3, 7, 101, 2089
What are the prime factors of 1049184596?
2, 262296149
List the prime factors of 820683577.
7, 117240511
List the prime factors of 540900726.
2, 3, 90150121
What are the prime factors of 807415759?
23, 35105033
What are the prime factors of 1291034?
2, 89, 7253
List the prime factors of 7257983980.
2, 5, 13, 607, 45989
List the prime factors of 76135884.
2, 3, 11, 576787
What are the prime factors of 572624665?
5, 89, 1286797
List the prime factors of 6938967904.
2, 11, 109, 223, 811
List the prime factors of 2830654122.
2, 3, 17, 27751511
List the prime factors of 11362556.
2, 71, 40009
List the prime factors of 1250448409.
7, 9871, 18097
List the prime factors of 834278269.
11, 75843479
List the prime factors of 29018183.
29, 89, 11243
List the prime factors of 2765213058.
2, 3, 331, 1392353
What are the prime factors of 349320793?
349320793
What are the prime factors of 453864898?
2, 226932449
What are the prime factors of 424134801?
3, 47126089
List the prime factors of 282688758.
2, 3, 11, 475907
List the prime factors of 32934931.
41, 503, 1597
List the prime factors of 74076797.
74076797
What are the prime factors of 299077576?
2, 7, 137, 5569
List the prime factors of 124225616.
2, 7764101
List the prime factors of 750949173.
3, 13, 6418369
List the prime factors of 45744866.
2, 73, 313321
List the prime factors of 111709864.
2, 7, 31, 229, 281
What are the prime factors of 4353863365?
5, 601, 1448873
What are the prime factors of 4507075445?
5, 17, 53024417
What are the prime factors of 35147564?
2, 499, 17609
What are the prime factors of 1570465?
5, 13, 37, 653
What are the prime factors of 36602606?
2, 397, 46099
What are the prime factors of 347500376?
2, 23, 839, 2251
List the prime factors of 635190590.
2, 5, 63519059
What are the prime factors of 1598576449?
149, 151, 227, 313
What are the prime factors of 574367177?
9049, 63473
What are the prime factors of 55150085?
5, 31, 383, 929
What are the prime factors of 149838028?
2, 19, 1971553
List the prime factors of 179662600.
2, 5, 13, 43, 1607
List the prime factors of 1612835376.
2, 3, 33600737
List the prime factors of 114184168.
2, 7, 461, 4423
What are the prime factors of 2358306820?
2, 5, 163, 723407
List the prime factors of 217911538.
2, 13, 103, 81371
What are the prime factors of 1898735521?
97, 19574593
List the prime factors of 2977074961.
7, 389, 1093307
List the prime factors of 708981944.
2, 11, 211, 38183
List the prime factors of 58778147.
773, 76039
List the prime factors of 38441814.
2, 3, 71, 90239
List the prime factors of 57220141.
11, 31, 167801
List the prime factors of 669492980.
2, 5, 13, 17, 167, 907
List the prime factors of 66344103.
3, 7, 13001
What are the prime factors of 4594301243?
7, 656328749
List the prime factors of 226436277.
3, 17, 59, 75253
List the prime factors of 3813006346.
2, 1906503173
What are the prime factors of 95577052?
2, 23, 1038881
What are the prime factors of 3372708636?
2, 3, 11, 53, 160697
List the prime factors of 1440274637.
43, 33494759
What are the prime factors of 388686090?
2, 3, 5, 13, 996631
List the prime factors of 325878475.
5, 13, 137, 563
What are the prime factors of 48710461?
48710461
What are the prime factors of 45034981?
1447, 31123
List the prime factors of 230665901.
311, 741691
List the prime factors of 218327146.
2, 89, 1226557
What are the prime factors of 206101349?
206101349
List the prime factors of 116323324.
2, 13, 2236987
What are the prime factors of 1150467611?
919, 1251869
List the prime factors of 162903137.
811, 200867
List the prime factors of 111562135.
5, 1129, 19763
List the prime factors of 9678566.
2, 4839283
List the prime factors of 1343993282.
2, 31, 21677311
List the prime factors of 4297428118.
2, 2148714059
What are the prime factors of 48384043?
48384043
What are the prime factors of 108411067?
108411067
What are the prime factors of 2277327334?
2, 1138663667
What are the prime factors of 688158662?
2, 344079331
What are the prime factors of 33633066?
2, 3, 317, 17683
What are the prime factors of 70935571?
7, 53, 263, 727
What are the prime factors of 48787351?
48787351
What are the prime factors of 3051179012?
2, 7, 109, 599, 1669
List the prime factors of 10642166.
2, 19, 103, 2719
What are the prime factors of 1240496192?
2, 13, 47, 31723
What are the prime factors of 65486679?
3, 103, 211931
List the prime factors of 315726791.
2137, 147743
What are the prime factors of 189860864?
2, 31, 5981
What are the prime factors of 50690576?
2, 223, 14207
What are the prime factors of 864213591?
3, 288071197
List the prime factors of 4451835930.
2, 3, 5, 37, 4010663
List the prime factors of 245504076.
2, 3, 20458673
List the prime factors of 105824226.
2, 3, 167, 105613
What are the prime factors of 119765202?
2, 3, 433, 46099
What are the prime factors of 613582205?
5, 283, 433627
What are the prime factors of 10880692?
2, 19, 61, 2347
What are the prime factors of 39414818?
2, 331, 59539
List the prime factors of 423816347.
263, 1611469
List the prime factors of 443762013.
3, 147920671
What are the prime factors of 5788472956?
2, 7, 1063, 194479
What are the prime factors of 6884677997?
31, 7164077
List the prime factors of 204953081.
1913, 107137
List the prime factors of 493264186.
2, 83, 2971471
What are the prime factors of 82176163?
47, 151, 11